{"id":16117,"date":"2026-01-16T02:47:40","date_gmt":"2026-01-16T02:47:40","guid":{"rendered":"https:\/\/realshopit.ro\/index.php\/product\/smartwatch-uri-ceas-garmin-forerunner-255-display-33mm-rezolutie-displat-260x260-conectivitate-010-02641-10\/"},"modified":"2026-04-21T21:50:04","modified_gmt":"2026-04-21T21:50:04","slug":"smartwatch-uri-ceas-garmin-forerunner-255-display-33mm-rezolutie-displat-260x260-conectivitate-010-02641-10","status":"publish","type":"product","link":"http:\/\/realshopit.ro\/index.php\/product\/smartwatch-uri-ceas-garmin-forerunner-255-display-33mm-rezolutie-displat-260x260-conectivitate-010-02641-10\/","title":{"rendered":"Ceas Garmin Forerunner 255, display 33mm, rezolutie displat 260&#215;260 conectivitate"},"content":{"rendered":"<p>Ceas Garmin Forerunner 255, display 33mm, rezolutie displat 260&#215;260 conectivitate Bluetooth\u2122, ANT+, NFC, USB, functii accelerometru, giroscop, barometru, busola, termometru pentru temperatura exterioar\u0103, durata de viata baterie mod ceas inteligent: p\u00e2n\u0103 la 14 zile, modul GNSS numai cu GPS: p\u00e2n\u0103 la 30 de ore, modul GNSS cu toate sistemele: p\u00e2n\u0103 la 25 de ore, modul GNSS cu toate sistemele plus mai multe benzi: p\u00e2n\u0103 la 16 ore, gri<\/p>\n","protected":false},"excerpt":{"rendered":"<p>Ceas Garmin Forerunner 255, display 33mm, rezolutie displat 260&#215;260 conectivitate Bluetooth\u2122, ANT+, NFC, USB, functii accelerometru, giroscop, barometru, busola, termometru pentru temperatura exterioar\u0103, durata de viata baterie mod ceas inteligent:<\/p>\n","protected":false},"featured_media":16118,"comment_status":"open","ping_status":"closed","template":"","meta":{"_acf_changed":false},"product_brand":[],"product_cat":[197],"product_tag":[],"class_list":{"0":"post-16117","1":"product","2":"type-product","3":"status-publish","4":"has-post-thumbnail","6":"product_cat-smartwatchuri","8":"first","9":"outofstock","10":"taxable","11":"shipping-taxable","12":"purchasable","13":"product-type-simple"},"acf":[],"jetpack_sharing_enabled":true,"_links":{"self":[{"href":"http:\/\/realshopit.ro\/index.php\/wp-json\/wp\/v2\/product\/16117","targetHints":{"allow":["GET"]}}],"collection":[{"href":"http:\/\/realshopit.ro\/index.php\/wp-json\/wp\/v2\/product"}],"about":[{"href":"http:\/\/realshopit.ro\/index.php\/wp-json\/wp\/v2\/types\/product"}],"replies":[{"embeddable":true,"href":"http:\/\/realshopit.ro\/index.php\/wp-json\/wp\/v2\/comments?post=16117"}],"wp:featuredmedia":[{"embeddable":true,"href":"http:\/\/realshopit.ro\/index.php\/wp-json\/wp\/v2\/media\/16118"}],"wp:attachment":[{"href":"http:\/\/realshopit.ro\/index.php\/wp-json\/wp\/v2\/media?parent=16117"}],"wp:term":[{"taxonomy":"product_brand","embeddable":true,"href":"http:\/\/realshopit.ro\/index.php\/wp-json\/wp\/v2\/product_brand?post=16117"},{"taxonomy":"product_cat","embeddable":true,"href":"http:\/\/realshopit.ro\/index.php\/wp-json\/wp\/v2\/product_cat?post=16117"},{"taxonomy":"product_tag","embeddable":true,"href":"http:\/\/realshopit.ro\/index.php\/wp-json\/wp\/v2\/product_tag?post=16117"}],"curies":[{"name":"wp","href":"https:\/\/api.w.org\/{rel}","templated":true}]}}