{"id":16161,"date":"2026-01-16T02:48:30","date_gmt":"2026-01-16T02:48:30","guid":{"rendered":"https:\/\/realshopit.ro\/index.php\/product\/smartwatch-uri-ceas-smartwatch-garmin-vivoactive-5-blue-blue-metal-010-02862-12\/"},"modified":"2026-04-28T10:54:17","modified_gmt":"2026-04-28T10:54:17","slug":"smartwatch-uri-ceas-smartwatch-garmin-vivoactive-5-blue-blue-metal-010-02862-12","status":"publish","type":"product","link":"http:\/\/realshopit.ro\/index.php\/product\/smartwatch-uri-ceas-smartwatch-garmin-vivoactive-5-blue-blue-metal-010-02862-12\/","title":{"rendered":"Ceas smartwatch Garmin v\u00edvoactive 5 Blue\/Blue Metal"},"content":{"rendered":"<p>Ceas smartwach Garmin v\u00edvoactive 5, display AMOLED, dimensiune afisaj 30,4 mm, rezolutie afisaj 390 x 390 pixeli, memorie 8GB, autonomie pana la 14 zile, rezistanta la apa pana la 5 ATM, ram\u0103 din aluminiu Metallic Navy cu carcas\u0103 Navy \u015fi br\u0103\u0163ar\u0103 din silicon,\u00a0greutate:\u00a026g<\/p>\n","protected":false},"excerpt":{"rendered":"<p>Ceas smartwach Garmin v\u00edvoactive 5, display AMOLED, dimensiune afisaj 30,4 mm, rezolutie afisaj 390 x 390 pixeli, memorie 8GB, autonomie pana la 14 zile, rezistanta la apa pana la 5<\/p>\n","protected":false},"featured_media":16162,"comment_status":"open","ping_status":"closed","template":"","meta":{"_acf_changed":false},"product_brand":[],"product_cat":[197],"product_tag":[],"class_list":{"0":"post-16161","1":"product","2":"type-product","3":"status-publish","4":"has-post-thumbnail","6":"product_cat-smartwatchuri","8":"first","9":"instock","10":"taxable","11":"shipping-taxable","12":"purchasable","13":"product-type-simple"},"acf":[],"jetpack_sharing_enabled":true,"_links":{"self":[{"href":"http:\/\/realshopit.ro\/index.php\/wp-json\/wp\/v2\/product\/16161","targetHints":{"allow":["GET"]}}],"collection":[{"href":"http:\/\/realshopit.ro\/index.php\/wp-json\/wp\/v2\/product"}],"about":[{"href":"http:\/\/realshopit.ro\/index.php\/wp-json\/wp\/v2\/types\/product"}],"replies":[{"embeddable":true,"href":"http:\/\/realshopit.ro\/index.php\/wp-json\/wp\/v2\/comments?post=16161"}],"wp:featuredmedia":[{"embeddable":true,"href":"http:\/\/realshopit.ro\/index.php\/wp-json\/wp\/v2\/media\/16162"}],"wp:attachment":[{"href":"http:\/\/realshopit.ro\/index.php\/wp-json\/wp\/v2\/media?parent=16161"}],"wp:term":[{"taxonomy":"product_brand","embeddable":true,"href":"http:\/\/realshopit.ro\/index.php\/wp-json\/wp\/v2\/product_brand?post=16161"},{"taxonomy":"product_cat","embeddable":true,"href":"http:\/\/realshopit.ro\/index.php\/wp-json\/wp\/v2\/product_cat?post=16161"},{"taxonomy":"product_tag","embeddable":true,"href":"http:\/\/realshopit.ro\/index.php\/wp-json\/wp\/v2\/product_tag?post=16161"}],"curies":[{"name":"wp","href":"https:\/\/api.w.org\/{rel}","templated":true}]}}