{"id":16203,"date":"2026-01-16T03:45:48","date_gmt":"2026-01-16T03:45:48","guid":{"rendered":"https:\/\/realshopit.ro\/index.php\/product\/smartwatch-uri-ceas-garmin-venu-3s-ivory-soft-gold-010-02785-04\/"},"modified":"2026-04-21T21:50:24","modified_gmt":"2026-04-21T21:50:24","slug":"smartwatch-uri-ceas-garmin-venu-3s-ivory-soft-gold-010-02785-04","status":"publish","type":"product","link":"http:\/\/realshopit.ro\/index.php\/product\/smartwatch-uri-ceas-garmin-venu-3s-ivory-soft-gold-010-02785-04\/","title":{"rendered":"Ceas Garmin Venu 3S, Ivory\/ Soft Gold"},"content":{"rendered":"<p>Ceas smartwatch Garmin Venu 3S display AMOLED, dimensiune afisaj 30.4 mm, rezolutie afisaj 390 x 390 pixeli, memorie 8GB, autonomie pana la 10 zile, rezistanta la apa pana la 5 ATM, ram\u0103 din o\u0163el inoxidabil Soft Gold cu carcas\u0103 Ivory \u015fi curea din silicon,\u00a0greutate:\u00a040g<\/p>\n","protected":false},"excerpt":{"rendered":"<p>Ceas smartwatch Garmin Venu 3S display AMOLED, dimensiune afisaj 30.4 mm, rezolutie afisaj 390 x 390 pixeli, memorie 8GB, autonomie pana la 10 zile, rezistanta la apa pana la 5<\/p>\n","protected":false},"featured_media":16204,"comment_status":"open","ping_status":"closed","template":"","meta":{"_acf_changed":false},"product_brand":[],"product_cat":[197],"product_tag":[],"class_list":{"0":"post-16203","1":"product","2":"type-product","3":"status-publish","4":"has-post-thumbnail","6":"product_cat-smartwatchuri","8":"first","9":"instock","10":"sale","11":"taxable","12":"shipping-taxable","13":"purchasable","14":"product-type-simple"},"acf":[],"jetpack_sharing_enabled":true,"_links":{"self":[{"href":"http:\/\/realshopit.ro\/index.php\/wp-json\/wp\/v2\/product\/16203","targetHints":{"allow":["GET"]}}],"collection":[{"href":"http:\/\/realshopit.ro\/index.php\/wp-json\/wp\/v2\/product"}],"about":[{"href":"http:\/\/realshopit.ro\/index.php\/wp-json\/wp\/v2\/types\/product"}],"replies":[{"embeddable":true,"href":"http:\/\/realshopit.ro\/index.php\/wp-json\/wp\/v2\/comments?post=16203"}],"wp:featuredmedia":[{"embeddable":true,"href":"http:\/\/realshopit.ro\/index.php\/wp-json\/wp\/v2\/media\/16204"}],"wp:attachment":[{"href":"http:\/\/realshopit.ro\/index.php\/wp-json\/wp\/v2\/media?parent=16203"}],"wp:term":[{"taxonomy":"product_brand","embeddable":true,"href":"http:\/\/realshopit.ro\/index.php\/wp-json\/wp\/v2\/product_brand?post=16203"},{"taxonomy":"product_cat","embeddable":true,"href":"http:\/\/realshopit.ro\/index.php\/wp-json\/wp\/v2\/product_cat?post=16203"},{"taxonomy":"product_tag","embeddable":true,"href":"http:\/\/realshopit.ro\/index.php\/wp-json\/wp\/v2\/product_tag?post=16203"}],"curies":[{"name":"wp","href":"https:\/\/api.w.org\/{rel}","templated":true}]}}