{"id":16283,"date":"2026-01-16T03:47:52","date_gmt":"2026-01-16T03:47:52","guid":{"rendered":"https:\/\/realshopit.ro\/index.php\/product\/smartwatch-uri-ceas-smartwatch-garmin-lily-cream-gold-white-010-02384-10\/"},"modified":"2026-04-21T21:50:37","modified_gmt":"2026-04-21T21:50:37","slug":"smartwatch-uri-ceas-smartwatch-garmin-lily-cream-gold-white-010-02384-10","status":"publish","type":"product","link":"http:\/\/realshopit.ro\/index.php\/product\/smartwatch-uri-ceas-smartwatch-garmin-lily-cream-gold-white-010-02384-10\/","title":{"rendered":"Ceas Smartwatch Garmin Lily, Cream Gold White"},"content":{"rendered":"<p>Smartwatch Garmin CreamGold\/White Silicone  Caracteristici Fizice \u015fi Performan\u0163e Material lentil\u0103 Corning\u00ae Gorilla\u00ae Glass 3 Material cadru Aluminiu anodizat Material capac Polimer ranforsat cu fibre Material band\u0103 Silicon Dimensiune fizic\u0103  34,50 x 34,50 x 10,15 mm  Se potrive\u015fte pentru \u00eencheieturi cu circumferin\u0163a de 110-175 mm Ecran tactil Afi\u015faj \u00een culori no (16 level grayscale) Dimensiune afi\u015faj 1,00&#8243; x 0,84&#8243; (25,4 mm x 21,3 mm) Rezolu\u0163ie afi\u015faj 240 x 201 pixeli Tip afi\u015faj TFT LCD Greutate 24.0 g Durata de via\u0163\u0103 a bateriei P\u00e2n\u0103 la 5 zile (f\u0103r\u0103 monitorizarea somnului cu Pulse Ox). Afl\u0103 mai multe Rezisten\u0163\u0103 la ap\u0103 \u00cenot, 5 ATM Memorie integrat\u0103 7 activit\u0103\u0163i temporizate, 14 zile de date de monitorizare a activit\u0103\u0163ilor https:\/\/buy.garmin.com\/ro-RO\/RO\/p\/698519\/pn\/010-02384-10#specs<\/p>\n","protected":false},"excerpt":{"rendered":"<p>Smartwatch Garmin CreamGold\/White Silicone Caracteristici Fizice \u015fi Performan\u0163e Material lentil\u0103 Corning\u00ae Gorilla\u00ae Glass 3 Material cadru Aluminiu anodizat Material capac Polimer ranforsat cu fibre Material band\u0103 Silicon Dimensiune fizic\u0103 34,50<\/p>\n","protected":false},"featured_media":16284,"comment_status":"open","ping_status":"closed","template":"","meta":{"_acf_changed":false},"product_brand":[],"product_cat":[197],"product_tag":[],"class_list":{"0":"post-16283","1":"product","2":"type-product","3":"status-publish","4":"has-post-thumbnail","6":"product_cat-smartwatchuri","8":"first","9":"outofstock","10":"taxable","11":"shipping-taxable","12":"purchasable","13":"product-type-simple"},"acf":[],"jetpack_sharing_enabled":true,"_links":{"self":[{"href":"http:\/\/realshopit.ro\/index.php\/wp-json\/wp\/v2\/product\/16283","targetHints":{"allow":["GET"]}}],"collection":[{"href":"http:\/\/realshopit.ro\/index.php\/wp-json\/wp\/v2\/product"}],"about":[{"href":"http:\/\/realshopit.ro\/index.php\/wp-json\/wp\/v2\/types\/product"}],"replies":[{"embeddable":true,"href":"http:\/\/realshopit.ro\/index.php\/wp-json\/wp\/v2\/comments?post=16283"}],"wp:featuredmedia":[{"embeddable":true,"href":"http:\/\/realshopit.ro\/index.php\/wp-json\/wp\/v2\/media\/16284"}],"wp:attachment":[{"href":"http:\/\/realshopit.ro\/index.php\/wp-json\/wp\/v2\/media?parent=16283"}],"wp:term":[{"taxonomy":"product_brand","embeddable":true,"href":"http:\/\/realshopit.ro\/index.php\/wp-json\/wp\/v2\/product_brand?post=16283"},{"taxonomy":"product_cat","embeddable":true,"href":"http:\/\/realshopit.ro\/index.php\/wp-json\/wp\/v2\/product_cat?post=16283"},{"taxonomy":"product_tag","embeddable":true,"href":"http:\/\/realshopit.ro\/index.php\/wp-json\/wp\/v2\/product_tag?post=16283"}],"curies":[{"name":"wp","href":"https:\/\/api.w.org\/{rel}","templated":true}]}}