{"id":5521,"date":"2026-01-12T22:45:07","date_gmt":"2026-01-12T22:45:07","guid":{"rendered":"https:\/\/realshopit.ro\/index.php\/product\/laptopuri-intel-core-i7-14650hx-nvidia-geforce-rtx-5050-8gb-gddr7-16-fx608jhr-rv006\/"},"modified":"2026-04-09T08:34:23","modified_gmt":"2026-04-09T08:34:23","slug":"laptopuri-laptop-gaming-asus-tuf-gaming-f16-cu-procesor-intel-core-fx608jhr-rv006","status":"publish","type":"product","link":"http:\/\/realshopit.ro\/index.php\/product\/laptopuri-laptop-gaming-asus-tuf-gaming-f16-cu-procesor-intel-core-fx608jhr-rv006\/","title":{"rendered":"Laptop Gaming ASUS TUF Gaming F16, cu procesor Intel Core"},"content":{"rendered":"<p>Laptop Gaming ASUS TUF Gaming F16, NVIDIA\u00ae GeForce RTX\u2122 5050 8GB GDDR7, 16&#8243; FHD+ 1920\u00d71200 165Hz IPS-level, 300 nits, G-SYNC, 16GB DDR5 5600MHz (2\u00d7SO- DIMM, max 64GB), 1TB PCIe 4.0 NVMe SSD, Wi-Fi 6E + Bluetooth 5.4, LAN Gigabit, HDMI 2.1, USB-C 3.2 Gen2 DP\/PD, Thunderbolt 4, 3\u00d7 USB-A 3.2 Gen2, RJ45, audio jack 3.5 mm, camer\u0103 FHD IR Windows Hello, tastatur\u0103 RGB 1-Zone cu Copilot Key, 90Wh baterie, adaptor 280W, Jaeger Gray, f\u0103r\u0103 sistem de operare<\/p>\n","protected":false},"excerpt":{"rendered":"<p>Laptop Gaming ASUS TUF Gaming F16, NVIDIA\u00ae GeForce RTX\u2122 5050 8GB GDDR7, 16&#8243; FHD+ 1920\u00d71200 165Hz IPS-level, 300 nits, G-SYNC, 16GB DDR5 5600MHz (2\u00d7SO- DIMM, max 64GB), 1TB PCIe 4.0<\/p>\n","protected":false},"featured_media":5522,"comment_status":"open","ping_status":"closed","template":"","meta":{"_acf_changed":false},"product_brand":[],"product_cat":[177],"product_tag":[],"class_list":{"0":"post-5521","1":"product","2":"type-product","3":"status-publish","4":"has-post-thumbnail","6":"product_cat-laptopuri","8":"first","9":"outofstock","10":"sale","11":"taxable","12":"shipping-taxable","13":"purchasable","14":"product-type-simple"},"acf":[],"jetpack_sharing_enabled":true,"_links":{"self":[{"href":"http:\/\/realshopit.ro\/index.php\/wp-json\/wp\/v2\/product\/5521","targetHints":{"allow":["GET"]}}],"collection":[{"href":"http:\/\/realshopit.ro\/index.php\/wp-json\/wp\/v2\/product"}],"about":[{"href":"http:\/\/realshopit.ro\/index.php\/wp-json\/wp\/v2\/types\/product"}],"replies":[{"embeddable":true,"href":"http:\/\/realshopit.ro\/index.php\/wp-json\/wp\/v2\/comments?post=5521"}],"wp:featuredmedia":[{"embeddable":true,"href":"http:\/\/realshopit.ro\/index.php\/wp-json\/wp\/v2\/media\/5522"}],"wp:attachment":[{"href":"http:\/\/realshopit.ro\/index.php\/wp-json\/wp\/v2\/media?parent=5521"}],"wp:term":[{"taxonomy":"product_brand","embeddable":true,"href":"http:\/\/realshopit.ro\/index.php\/wp-json\/wp\/v2\/product_brand?post=5521"},{"taxonomy":"product_cat","embeddable":true,"href":"http:\/\/realshopit.ro\/index.php\/wp-json\/wp\/v2\/product_cat?post=5521"},{"taxonomy":"product_tag","embeddable":true,"href":"http:\/\/realshopit.ro\/index.php\/wp-json\/wp\/v2\/product_tag?post=5521"}],"curies":[{"name":"wp","href":"https:\/\/api.w.org\/{rel}","templated":true}]}}