{"id":5593,"date":"2026-01-12T22:46:18","date_gmt":"2026-01-12T22:46:18","guid":{"rendered":"https:\/\/realshopit.ro\/index.php\/product\/laptopuri-laptop-business-asus-b1503cva-90nx0b01-m04480-ecran-15-6-inch-fhd-1920-b1503cva-s73758\/"},"modified":"2026-04-11T05:18:57","modified_gmt":"2026-04-11T05:18:57","slug":"laptopuri-laptop-business-asus-expertbook-b1-b1503cva-cu-procesor-intel-core-b1503cva-s73758","status":"publish","type":"product","link":"http:\/\/realshopit.ro\/index.php\/product\/laptopuri-laptop-business-asus-expertbook-b1-b1503cva-cu-procesor-intel-core-b1503cva-s73758\/","title":{"rendered":"Laptop Business ASUS ExpertBook B1 B1503CVA, cu procesor Intel Core"},"content":{"rendered":"<p>Laptop Business ASUS ExpertBook B1, ecran 15.6-inch FHD (1920 x 1080) 16:9, anti-glare, luminozitate 300 nits, NTSC 45%, refresh rate 60Hz, procesor Intel\u00ae Core\u2122 i3-1315U 1.2GHz (10MB Cache, p\u00e2n\u0103 la 4.5GHz, 6 nuclee \/ 8 fire), grafic\u0103 integrat\u0103 Intel\u00ae UHD Graphics, memorie 8GB DDR5 SO-DIMM (2 sloturi \u2014 upgradable), stocare SSD 512GB M.2 NVMe PCIe 4.0, camer\u0103 HD 720p cu privacy shutter, conexiune Wi-Fi 6 + Bluetooth 5.4, carcas\u0103 certificat\u0103 MIL-STD-810H, tastatur\u0103 tip Chicklet cu Num-key \u0219i cititor de amprent\u0103, porturi: 2x USB-A 3.2 Gen1, 2x USB-C 3.2 Gen2 (display &amp; power delivery), HDMI 1.4 (4K 30Hz), jack audio 3.5mm, RJ-45 Gigabit LAN, boxe Audio by Dirac, baterie 50Wh 3-cell Li- ion, \u00eenc\u0103rc\u0103tor USB-C 65W, greutate 1.65 kg, culoare Gentle Grey.<\/p>\n","protected":false},"excerpt":{"rendered":"<p>Laptop Business ASUS ExpertBook B1, ecran 15.6-inch FHD (1920 x 1080) 16:9, anti-glare, luminozitate 300 nits, NTSC 45%, refresh rate 60Hz, procesor Intel\u00ae Core\u2122 i3-1315U 1.2GHz (10MB Cache, p\u00e2n\u0103 la<\/p>\n","protected":false},"featured_media":5594,"comment_status":"open","ping_status":"closed","template":"","meta":{"_acf_changed":false},"product_brand":[],"product_cat":[177],"product_tag":[],"class_list":{"0":"post-5593","1":"product","2":"type-product","3":"status-publish","4":"has-post-thumbnail","6":"product_cat-laptopuri","8":"first","9":"instock","10":"sale","11":"taxable","12":"shipping-taxable","13":"purchasable","14":"product-type-simple"},"acf":[],"jetpack_sharing_enabled":true,"_links":{"self":[{"href":"http:\/\/realshopit.ro\/index.php\/wp-json\/wp\/v2\/product\/5593","targetHints":{"allow":["GET"]}}],"collection":[{"href":"http:\/\/realshopit.ro\/index.php\/wp-json\/wp\/v2\/product"}],"about":[{"href":"http:\/\/realshopit.ro\/index.php\/wp-json\/wp\/v2\/types\/product"}],"replies":[{"embeddable":true,"href":"http:\/\/realshopit.ro\/index.php\/wp-json\/wp\/v2\/comments?post=5593"}],"wp:featuredmedia":[{"embeddable":true,"href":"http:\/\/realshopit.ro\/index.php\/wp-json\/wp\/v2\/media\/5594"}],"wp:attachment":[{"href":"http:\/\/realshopit.ro\/index.php\/wp-json\/wp\/v2\/media?parent=5593"}],"wp:term":[{"taxonomy":"product_brand","embeddable":true,"href":"http:\/\/realshopit.ro\/index.php\/wp-json\/wp\/v2\/product_brand?post=5593"},{"taxonomy":"product_cat","embeddable":true,"href":"http:\/\/realshopit.ro\/index.php\/wp-json\/wp\/v2\/product_cat?post=5593"},{"taxonomy":"product_tag","embeddable":true,"href":"http:\/\/realshopit.ro\/index.php\/wp-json\/wp\/v2\/product_tag?post=5593"}],"curies":[{"name":"wp","href":"https:\/\/api.w.org\/{rel}","templated":true}]}}