{"id":5736,"date":"2026-01-12T23:45:05","date_gmt":"2026-01-12T23:45:05","guid":{"rendered":"https:\/\/realshopit.ro\/index.php\/product\/laptopuri-laptop-gaming-rog-strix-g18-g814pp-90nr0ky8-m00320-eclipse-gray-procesor-g814pp-s8056\/"},"modified":"2026-04-04T23:50:21","modified_gmt":"2026-04-04T23:50:21","slug":"laptopuri-laptop-gaming-asus-rog-strix-g18-cu-procesor-amd-ryzen-g814pp-s8056","status":"publish","type":"product","link":"http:\/\/realshopit.ro\/index.php\/product\/laptopuri-laptop-gaming-asus-rog-strix-g18-cu-procesor-amd-ryzen-g814pp-s8056\/","title":{"rendered":"Laptop Gaming ASUS ROG Strix G18, cu procesor AMD Ryzen"},"content":{"rendered":"<p>Laptop Gaming ROG Strix G18 G814PP (90NR0KY8-M00320), Eclipse Gray, procesor AMD Ryzen\u2122 9 8940HX 2.4GHz (80MB Cache, p\u00e2n\u0103 la 5.3GHz, 16 nuclee, 32 fire), grafic\u0103 NVIDIA\u00ae GeForce RTX\u2122 5070 Laptop GPU 8GB GDDR7, MUX Switch + Advanced Optimus, ROG Boost 1475MHz la 115W (100W + 15W Dynamic Boost), ecran 18-inch FHD+ (1920\u00d71200) 16:10, IPS-level 144Hz, 3ms, 300nits, 100% sRGB, anti-glare, G-SYNC, suport Dolby Vision, memorie 32GB DDR5-5600 (2x SO-DIMM, max 64GB), stocare 1TB SSD PCIe 4.0 NVMe M.2 (2 sloturi M.2), re\u021bea LAN 10\/100\/1000 Mbps, Wi-Fi 6E (tri- band) + Bluetooth 5.3, porturi: 2x USB4 Type-C (DP\/G-SYNC, unul cu Power Delivery), 2x USB-A 3.2 Gen2, HDMI 2.1 FRL, RJ45, audio 3.5mm, camer\u0103 FHD 1080p, tastatur\u0103 4-Zone RGB cu tast\u0103 Copilot, difuzoare stereo cu Dolby Atmos \u0219i AI noise-canceling, baterie 90Wh cu \u00eenc\u0103rcare 0-50% \u00een 30 min, adaptor 280W, f\u0103r\u0103 OS preinstalat, 3.00 kg.<\/p>\n","protected":false},"excerpt":{"rendered":"<p>Laptop Gaming ROG Strix G18 G814PP (90NR0KY8-M00320), Eclipse Gray, procesor AMD Ryzen\u2122 9 8940HX 2.4GHz (80MB Cache, p\u00e2n\u0103 la 5.3GHz, 16 nuclee, 32 fire), grafic\u0103 NVIDIA\u00ae GeForce RTX\u2122 5070 Laptop<\/p>\n","protected":false},"featured_media":5737,"comment_status":"open","ping_status":"closed","template":"","meta":{"_acf_changed":false},"product_brand":[],"product_cat":[177],"product_tag":[],"class_list":{"0":"post-5736","1":"product","2":"type-product","3":"status-publish","4":"has-post-thumbnail","6":"product_cat-laptopuri","8":"first","9":"outofstock","10":"taxable","11":"shipping-taxable","12":"purchasable","13":"product-type-simple"},"acf":[],"jetpack_sharing_enabled":true,"_links":{"self":[{"href":"http:\/\/realshopit.ro\/index.php\/wp-json\/wp\/v2\/product\/5736","targetHints":{"allow":["GET"]}}],"collection":[{"href":"http:\/\/realshopit.ro\/index.php\/wp-json\/wp\/v2\/product"}],"about":[{"href":"http:\/\/realshopit.ro\/index.php\/wp-json\/wp\/v2\/types\/product"}],"replies":[{"embeddable":true,"href":"http:\/\/realshopit.ro\/index.php\/wp-json\/wp\/v2\/comments?post=5736"}],"wp:featuredmedia":[{"embeddable":true,"href":"http:\/\/realshopit.ro\/index.php\/wp-json\/wp\/v2\/media\/5737"}],"wp:attachment":[{"href":"http:\/\/realshopit.ro\/index.php\/wp-json\/wp\/v2\/media?parent=5736"}],"wp:term":[{"taxonomy":"product_brand","embeddable":true,"href":"http:\/\/realshopit.ro\/index.php\/wp-json\/wp\/v2\/product_brand?post=5736"},{"taxonomy":"product_cat","embeddable":true,"href":"http:\/\/realshopit.ro\/index.php\/wp-json\/wp\/v2\/product_cat?post=5736"},{"taxonomy":"product_tag","embeddable":true,"href":"http:\/\/realshopit.ro\/index.php\/wp-json\/wp\/v2\/product_tag?post=5736"}],"curies":[{"name":"wp","href":"https:\/\/api.w.org\/{rel}","templated":true}]}}